{"id":13,"date":"2016-07-08T13:29:26","date_gmt":"2016-07-08T12:29:26","guid":{"rendered":"https:\/\/kinesportbonneveine.wordpress.com\/?page_id=2"},"modified":"2023-10-24T14:25:12","modified_gmt":"2023-10-24T12:25:12","slug":"nos-kinesitherapeutes","status":"publish","type":"page","link":"http:\/\/kinesportbonneveine.fr\/index.php\/nos-kinesitherapeutes\/","title":{"rendered":"Notre \u00e9quipe"},"content":{"rendered":"<p><strong><span style=\"text-decoration: underline;\">Masseur &#8211; Kin\u00e9sith\u00e9rapeute DE:<\/span><\/strong><\/p>\n<p><span style=\"color: #993300;\"><strong>Sorano Romain<\/strong><\/span> : <em>Masseur kin\u00e9sith\u00e9rapeute du sport<\/em><\/p>\n<p><img decoding=\"async\" loading=\"lazy\" class=\"wp-image-53 alignleft\" src=\"http:\/\/kinesportbonneveine.fr\/wp-content\/uploads\/2016\/07\/1891141_10202782877389700_1910952586_n.jpg\" alt=\"1891141_10202782877389700_1910952586_n\" width=\"112\" height=\"162\" srcset=\"http:\/\/kinesportbonneveine.fr\/wp-content\/uploads\/2016\/07\/1891141_10202782877389700_1910952586_n.jpg 220w, http:\/\/kinesportbonneveine.fr\/wp-content\/uploads\/2016\/07\/1891141_10202782877389700_1910952586_n-208x300.jpg 208w\" sizes=\"(max-width: 112px) 100vw, 112px\" \/><\/p>\n<p><strong style=\"font-size: inherit;\">Formation :<\/strong><\/p>\n<ul>\n<li>Formation classique (IFMK Marseille)<\/li>\n<li>Th\u00e9rapie Manuelle de la cha\u00eene neuro-m\u00e9ning\u00e9e.<\/li>\n<li>CECKS Kin\u00e9sith\u00e9rapeute du sport (INK).<\/li>\n<li>Th\u00e9rapie Manuelle (itmp)<\/li>\n<li>R\u00e9\u00e9ducation Maxilo-faciale ATM (itmp)<\/li>\n<li>D\u00e9sencombrement du nourrisson (ITMP)<\/li>\n<li>Trigger point (ITMP)<\/li>\n<li>Dry Needling (SSK Formation)<\/li>\n<li>Ecole du Dos (Mail 14 Formation)<\/li>\n<li>Mtondos Entreprise (ITMP)<\/li>\n<li>Blood Flow Restriction (Kin\u00e9 Sport Formation)<\/li>\n<\/ul>\n<h5><\/h5>\n<h4><strong>Intervention en milieu sportif\u00a0:<\/strong><\/h4>\n<ul>\n<li>\n<h5>Kin\u00e9sith\u00e9rapeute Trail du Verdon (2014)<\/h5>\n<\/li>\n<li>\n<h5><span style=\"font-size: revert; font-weight: revert;\">Kin\u00e9sith\u00e9rapeute lors d\u2019un stage de 1mois \u00e0 l\u2019Aviron Bayonnais.<\/span><\/h5>\n<\/li>\n<li>\n<h5><span style=\"font-size: revert; font-weight: revert;\">Tournoi tennis challenger d\u2019Aix (2015).<\/span><\/h5>\n<\/li>\n<li>\n<h5><span style=\"font-size: revert; font-weight: revert;\">Stage d\u2019initiation Tom Duquesnoy (double champion BAMMA et combattant UFC) 2015.<\/span><\/h5>\n<\/li>\n<li>\n<h5><span style=\"font-size: revert; font-weight: revert;\">Stage de perfectionnement Tom Duquesnoy \u00e0 Marseille (2016)<\/span><\/h5>\n<\/li>\n<li>Prise en charge des Irish Celtics (2023)<\/li>\n<li>\n<h5>S\u00e9ance r\u00e9cup\u00e9ration \u00e9quipe nationale de Rugby d&#8217;Argentine (2023)<\/h5>\n<\/li>\n<\/ul>\n<p><span style=\"color: #993300;\"><strong>Hugo Pinsard<\/strong><\/span> : <em>Masseur Kin\u00e9sith\u00e9rapeute<\/em><\/p>\n<p><span style=\"color: #993300;\"><b>Agathe Calmelet : <span style=\"color: #000000;\">Masseur-kin\u00e9sith\u00e9rapeute\u00a0<\/span><\/b><\/span><\/p>\n<p><span style=\"color: #993300;\"><strong>Camille Faure : <span style=\"color: #000000;\">Masseur kin\u00e9sith\u00e9rapeute<\/span><\/strong><\/span><\/p>\n<p><span style=\"color: #993300;\"><strong>Juliette Deroussent : <span style=\"color: #000000;\">Masseur kin\u00e9sith\u00e9rapeute<\/span><\/strong><\/span><\/p>\n<p><strong><span style=\"text-decoration: underline;\">Psychomotricien DE :<\/span><\/strong><\/p>\n<p><span style=\"color: #993300;\"><strong>Sorano Sarah :<\/strong><\/span><\/p>\n<p><img decoding=\"async\" loading=\"lazy\" class=\"\" src=\"https:\/\/res.cloudinary.com\/doctolib\/image\/upload\/w_1024,h_700,c_limit\/oaefrkjegsf3hygvlhqv.jpg\" width=\"139\" height=\"170\" \/><\/p>\n<h4>Formation :<\/h4>\n<ul>\n<li>Dipl\u00f4m\u00e9e de l&#8217;ISRP Marseille\u00a0 (2018)<\/li>\n<\/ul>\n<h4>Interventions professionnelles :<\/h4>\n<ul>\n<li>IME le Paradou<\/li>\n<li>IME les 2 platanes<\/li>\n<li>Cr\u00e8ches<\/li>\n<li>Maison de retraite &#8220;Les Jardins de Beauvallon&#8221;<\/li>\n<li>Maison de retraite &#8220;Les Martegaux&#8221;<\/li>\n<li>SSR la Pagerie<\/li>\n<li>Lib\u00e9ral depuis 2019<\/li>\n<\/ul>\n<p><strong><span style=\"color: #993300;\">CATALANO Leeloo<\/span>\u00a0<\/strong>: Psychomotricienne DE<\/p>\n<p><img decoding=\"async\" loading=\"lazy\" class=\"\" src=\"https:\/\/yt3.ggpht.com\/ytc\/AKedOLRKFEccNQnOZE_TGOzFjn5faKC68qV3YTORxxb-HQ=s900-c-k-c0x00ffffff-no-rj\" alt=\"Zelda Tissot - YouTube\" width=\"155\" height=\"155\" \/><\/p>\n<p><strong>Formation :<\/strong><\/p>\n<ul>\n<li>Diplome ISRP Marseille 2017<\/li>\n<li>Hypnose 2021<\/li>\n<\/ul>\n<p><strong>Intervention\u00a0<\/strong><b>professionnelle<\/b><\/p>\n<ul>\n<li>Lib\u00e9ral depuis 2020<\/li>\n<li>La pouponni\u00e8re<\/li>\n<\/ul>\n<p><span style=\"color: #993300;\"><strong>D&#8217;Arienzo Mathieu<\/strong><\/span><\/p>\n<p><strong>Formation :<\/strong><\/p>\n<ul>\n<li>ISRP Marseille 2021<\/li>\n<\/ul>\n","protected":false},"excerpt":{"rendered":"<p>Masseur &#8211; Kin\u00e9sith\u00e9rapeute DE: Sorano Romain : Masseur kin\u00e9sith\u00e9rapeute du sport Formation : Formation classique (IFMK Marseille) Th\u00e9rapie Manuelle de la cha\u00eene neuro-m\u00e9ning\u00e9e. CECKS Kin\u00e9sith\u00e9rapeute du sport (INK). Th\u00e9rapie Manuelle (itmp) R\u00e9\u00e9ducation Maxilo-faciale ATM (itmp)&hellip; <a href=\"http:\/\/kinesportbonneveine.fr\/index.php\/nos-kinesitherapeutes\/\">More<\/a><\/p>\n","protected":false},"author":2,"featured_media":0,"parent":0,"menu_order":0,"comment_status":"closed","ping_status":"closed","template":"","meta":[],"_links":{"self":[{"href":"http:\/\/kinesportbonneveine.fr\/index.php\/wp-json\/wp\/v2\/pages\/13"}],"collection":[{"href":"http:\/\/kinesportbonneveine.fr\/index.php\/wp-json\/wp\/v2\/pages"}],"about":[{"href":"http:\/\/kinesportbonneveine.fr\/index.php\/wp-json\/wp\/v2\/types\/page"}],"author":[{"embeddable":true,"href":"http:\/\/kinesportbonneveine.fr\/index.php\/wp-json\/wp\/v2\/users\/2"}],"replies":[{"embeddable":true,"href":"http:\/\/kinesportbonneveine.fr\/index.php\/wp-json\/wp\/v2\/comments?post=13"}],"version-history":[{"count":27,"href":"http:\/\/kinesportbonneveine.fr\/index.php\/wp-json\/wp\/v2\/pages\/13\/revisions"}],"predecessor-version":[{"id":298,"href":"http:\/\/kinesportbonneveine.fr\/index.php\/wp-json\/wp\/v2\/pages\/13\/revisions\/298"}],"wp:attachment":[{"href":"http:\/\/kinesportbonneveine.fr\/index.php\/wp-json\/wp\/v2\/media?parent=13"}],"curies":[{"name":"wp","href":"https:\/\/api.w.org\/{rel}","templated":true}]}}